4234 = 22*n + 393953. Is n a composite number?
True
Suppose -15*r + 97757 = -201298. Is r composite?
False
Suppose 2*g + 17 = 3*a, 0*g - 5*g = 4*a + 54. Is 5/(g/12) - -8317 prime?
True
Let j(b) = 60*b**3 + 9*b**2 + 7*b + 87. Let x(r) = 30*r**3 + 5*r**2 + 4*r + 44. Let o(v) = -3*j(v) + 5*x(v). Is o(-6) a composite number?
False
Suppose 85285 = 114*s - 91368 - 73235. Suppose 3*g = 4*u - 8*u + 11067, -4*u = -2*g + 7378. Let j = g - s. Is j a composite number?
True
Let a(w) = -9*w - 6. Let x be 4/(-2) + (25/(-5) - 0). Let q be a(x). Suppose -o = -q - 421. Is o composite?
True
Let r = -321830 - -719085. Is r prime?
False
Let d = -44522 - -81737. Suppose -22*o + 22327 = -19*o - 2*b, -d = -5*o + 4*b. Is o a prime number?
False
Let q be 173261/44 + (-4)/80*-5. Suppose -128*w = -130*w + q. Is w composite?
True
Let y(u) = 3 + 131*u - 31*u + 130*u + 56*u - 44*u. Let d(l) = -l**2 - 5*l - 1. Let m be d(-3). Is y(m) a prime number?
True
Suppose o - 29 = 5*t, 17 + 6 = -3*t - 5*o. Is (-2)/t - (-158366)/3 composite?
True
Let a(c) = 28326*c**2 + 6*c - 13. Is a(2) prime?
False
Let l = 118450 + -19381. Is l composite?
True
Let g = 3449 + 1520. Is g prime?
True
Suppose 70*v - 74*v = 4. Let c be 3*(-8)/(-12) + 2*v. Suppose 2*m - 4098 = -6*d + 4*d, -5*d - 2*m + 10251 = c. Is d composite?
True
Let p be ((-72768)/9 - 4)/((-8)/12). Let v = p - -1263. Is v prime?
True
Let j(i) = i**2 + i - 19. Let p = 2 + 8. Let u be j(p). Let q = u + -48. Is q a composite number?
False
Let m(y) = -y**3 + 16*y**2 - 3*y + 48. Let g be m(16). Suppose -4*v - 29*p = -30*p - 63134, 5*v - 2*p - 78919 = g. Is v prime?
False
Let p = 75100 + -51291. Suppose -p - 9257 = -2*u. Is (64/56)/8 + u/7 prime?
False
Let b(j) = 2104*j + 2419. Is b(10) a composite number?
False
Let h be -9473 + 6/6*-3. Let v = h - -16727. Is v a prime number?
False
Let k(s) = 7*s**3 + 3*s - 2. Let i be k(1). Let m(a) = a**2 + 5*a - 3. Let v be m(-6). Is (-12180)/(-32) + v/i a composite number?
True
Is 32/336 + (-1730075)/(-105) prime?
True
Let d be (-440)/(-396) + (-9884)/18. Suppose -p - 5349 = 5*a, -3*a - 4*p = -5*a - 2122. Let j = d - a. Is j composite?
False
Let o(v) = -28*v**3 + 5*v**2 - 34*v - 2. Is o(-17) a composite number?
True
Let p(b) = b**2 - 14*b - 32. Let s be p(16). Suppose -6*f + 42 + 0 = s. Let x(z) = 60*z - 1. Is x(f) a prime number?
True
Let n(h) be the first derivative of 8*h - 4 - h**2 + 140/3*h**3. Is n(3) prime?
False
Let h(q) be the third derivative of 373*q**4/24 - 49*q**3 + 275*q**2. Is h(7) composite?
True
Let f be (-27624)/15*-3*(-30)/3. Is ((f/(-30))/(-8))/(3/(-15)) a prime number?
True
Let c = 14825 + 348542. Is c composite?
False
Let j(v) = -7182*v + 5303. Is j(-19) a composite number?
False
Is 256846/8 + 588/(-784) prime?
False
Let l = 431201 - 252228. Is l a composite number?
False
Let h(x) = 483 - 274 - 213*x - 252. Is h(-14) a composite number?
False
Suppose -6*l - 5*m = -9*l + 1214699, 404897 = l - 3*m. Is l a prime number?
False
Suppose -z = 3*u - 4*u - 2, 4*u + 5*z - 37 = 0. Is 8183 + 6 - ((-6 - 1) + u) a composite number?
True
Let o(c) = -c**3 + c**2 - 3*c + 14107. Let m = 109 - 109. Is o(m) prime?
True
Let y(s) = s**3 - 3*s**2 - 9*s + 2. Let k be y(4). Is 380 + 4/3*k/(-12) composite?
True
Let n be (-1 + 0)*(5 + -6). Is 13 + -7 - (n + -5832) composite?
True
Suppose 15*r = r + 1400042. Is r prime?
True
Let z be (-13)/4 - 29/(-116). Is (4111/z)/(14/(-6) + 2) prime?
True
Let g be 7*(1 - (4 - -2)). Let x be (-10)/g + ((-12)/(-21))/(-2). Suppose -3*d - 5*n + 6305 = x, 0*d - 4*n = 4*d - 8396. Is d a composite number?
True
Let t(k) = 3798*k**2 + 30*k + 29. Is t(-2) a composite number?
False
Let f = -350777 - -747688. Is f composite?
True
Let a = 4484 + 3567. Is a composite?
True
Let l(y) = -y**2 + 10*y - 19. Let h = 51 + -48. Let w be l(h). Suppose w*p - 896 - 1823 = o, 3*p + 4*o = 4095. Is p composite?
False
Suppose 86*y - 134826 = 85*y. Is (2/(-6)*-1)/(46/y) prime?
True
Suppose -8*a - 5*a - 166803 = 0. Is (2 - a/(-9))*(4 - 7) composite?
False
Let m be 1/(-3) - (-293)/(-3). Suppose 5*w - i = -36, -2*w - 19 = -9*i + 4*i. Let d = w - m. Is d prime?
False
Let s(a) = 197*a + 8. Let d = 20 + -12. Let l be s(d). Let v = l - 899. Is v composite?
True
Let t(l) = 45*l - 17. Let c(d) = -92*d + 34. Let n(m) = 4*c(m) + 10*t(m). Let g be n(25). Suppose -g = -2*u + 2*h, u - 3*h + 57 = 1075. Is u a prime number?
False
Let y(z) = -62*z**3 - 12*z**2 + 7*z + 31. Suppose -3*f - 2*o + 2 = -4*f, 0 = -f - o - 8. Is y(f) prime?
False
Let c(d) = 3*d + 8. Suppose g + 3*g = 12. Let u be c(g). Let n(k) = -k**3 + 18*k**2 + 10*k + 22. Is n(u) a composite number?
True
Suppose 5*j = 3*j + 12. Suppose 3*g - j = -0*g. Is 995 - (-1 + g - 3) a composite number?
False
Suppose -8*u - 243 = -707. Let z = u - -1863. Is z a prime number?
False
Let i(w) be the second derivative of -w**4/3 + 2*w**3/3 - 3*w**2/2 + 15*w. Let j be i(-11). Let p = 1036 + j. Is p prime?
False
Suppose 0 = 57496*c - 57501*c + 261925. Is c a composite number?
True
Suppose 1504*n - 1509*n = 20. Is 4716 - 6/24*n a prime number?
False
Let u = 22810 - -241479. Is u composite?
False
Suppose 0 = r + 5 - 13. Let h = -14814 - -14808. Is (-1142)/(15/10*r/h) a composite number?
False
Suppose 41 = l + 37. Suppose 4*t + 5*k - 117447 = 1457, -t + l*k + 29747 = 0. Is t composite?
True
Suppose 2*i + 2 = 11*l - 9*l, 0 = -2*i - 2. Suppose 7*z - 11324 + 565 = l. Is z a prime number?
False
Is 9 - (21 - 362680) - -25 composite?
False
Suppose -d - d - 4*s = -16, -17 = -4*d - 3*s. Suppose 18888 = -4*q + d*q. Is (-3)/(-2)*q/(-18) composite?
False
Suppose -4*y + 5*u + 1861046 = 0, -47*u + 51*u - 1861100 = -4*y. Is y a prime number?
False
Is (-123)/(-82)*(-40)/45 + 1657411/3 a prime number?
True
Is 0 + (7 - (-1212)/6*166) prime?
False
Suppose 14*g + 465195 = 29*g. Is g composite?
False
Let v(t) be the second derivative of -3*t**5/10 + 2*t**4/3 - t**3 - 8*t**2 + 18*t. Let x be v(-9). Let p = x + -277. Is p a prime number?
True
Let t = 249363 - 32882. Is t composite?
False
Let r(j) = 41*j - 8. Let k be r(10). Let f = 1362 - 1073. Let l = k + f. Is l a prime number?
True
Suppose -22 = -6*b - 5*b. Suppose x - 10 = -5*q, 5*q - b*x + x - 20 = 0. Suppose -n + 409 = 6*f - 4*f, 2*n - 811 = q*f. Is n a composite number?
True
Let z(u) = u**2 + 8*u - 21. Let y be z(-8). Let k = y + 24. Let x(i) = 88*i - 5. Is x(k) a composite number?
True
Let r = -3 + 5. Suppose 0 = r*s + 3*y - 850 - 1200, y = s - 1035. Is s a composite number?
False
Let z = -454 - -462. Is (-386 - 12)*(-38)/z*2 composite?
True
Let v(j) = -25*j + 9*j + 3*j**2 + 402 - j**2 - 396. Let a be v(-13). Suppose 0 = 5*t - 1433 - a. Is t prime?
True
Let s = 204 + 235. Is s a composite number?
False
Let x(t) = 36*t**2 + 14*t - 17. Let r be 15/20 - 93/12. Is x(r) a prime number?
False
Let f = -331 + 331. Is (f + 3)/((-3)/(-10847)) prime?
True
Suppose 0 = 463*d - 495*d + 2803264. Is d composite?
True
Let w = 82453 + 84034. Is w a composite number?
False
Let j be (-3)/9 + (-399)/(-9). Suppose 0 = 3*z + j - 56. Is (z + -5 - 478)*-1 a composite number?
False
Let u(z) = 1736*z**2 + 18*z + 249. Is u(-13) a composite number?
False
Let w(m) = -14*m + 22*m - 29*m**2 + 30*m**2 + 10. Let z be w(-7). Suppose -5*b = -z*c - 0*c - 7824, -2*b - 3*c + 3117 = 0. Is b a prime number?
False
Suppose -748 = 21*f - 17*f. Let z be (-4)/22 + (-969)/f. Suppose 3*c = -4*s + 1593, 0 = 5*c + z*s - 1205 - 1455. Is c prime?
False
Suppose -30 = -8*k + 66. Suppose -5*v - k = -12. Suppose 2*g - 29 - 81 = v. Is g composite?
True
Let x(o) be the third derivative of o**6/120 + o**5/10 + o**4/24 + 4*o**3/3 - 8*o**2. Let d be x(-6). Suppose 4*m - d*m - 1398 = 0. Is m a composite number?
True
Suppose -15*v + 11108217 = -6*v + 2928054. Is v prime?
False
Suppose -2057 = 6*q - 6125. Let t(h) = -12*h + 16*h + 683*h**2 + 4 + q*h**2. Is t(-1) composite?
False
Let v(w) = -w**2 + 14*w + 19. Suppose -5 + 23 = 2*l - 4*i, -2*i + 21 = l. Let f be v(l). Suppose 622 = f*z - 2*z. Is z composite?
False
Let l be -1 - (0 - 15)/3. Suppose 3*q - 5*z = -q + 30, 2*q + 3*z = 4. Suppose 4*x - 2*x - 4*o = 1334, 0 = l*x + q*o - 2668. Is x composite?
True
Let k = 1207 + -1978. Let z be (-54)/(-12)*10/(13 - 8). Is k*(24/z + -3) composite?
False
Suppose -3*f = 3*w + 435530 - 1225286, -f = -4*w - 26327